{"id":90,"date":"2016-05-27T17:50:36","date_gmt":"2016-05-27T15:50:36","guid":{"rendered":"http:\/\/stellbrink-partner.com\/site\/english\/?page_id=90"},"modified":"2022-02-11T10:59:29","modified_gmt":"2022-02-11T09:59:29","slug":"impressum-legal-notice","status":"publish","type":"page","link":"https:\/\/stellbrink-partner.com\/site\/english\/impressum-legal-notice\/","title":{"rendered":"Impressum \/ Legal Notice"},"content":{"rendered":"<div class=\"wc-shortcodes-row wc-shortcodes-item wc-shortcodes-clearfix\">\n<div class=\"wc-shortcodes-column wc-shortcodes-content wc-shortcodes-one-half wc-shortcodes-column-first \">\n<h6>Partner: Axel Stellbrink, Simon Michels<\/h6>\n<p>Stellbrink &amp; Partner<br \/>\nPatent Attorneys with Limited Professional Liability<\/p>\n<p>Widenmayerstra\u00dfe 10<br \/>\n80538 M\u00fcnchen<br \/>\nTel.: +49 89 41112880<br \/>\nEmail:&nbsp;&nbsp; &nbsp;<a href=\"mailto:mail@stellbrink-partner.com\">mail@stellbrink-partner.com<\/a><\/p>\n<\/div>\n<div class=\"wc-shortcodes-column wc-shortcodes-content wc-shortcodes-one-half wc-shortcodes-column-last \">\n<h6>Stellbrink &amp; Partner Patentanw\u00e4lte mbB<\/h6>\n<p>Partner company with limited professional liability<br \/>\nResidence: Munich<br \/>\nDistrict Court Munich, registration number PR1555<br \/>\nVAT ID-No.: DE 305 677 24<\/p>\n<\/div>\n<\/div>\n<p style=\"text-align: justify\">The patent attorneys of this law firm are subject to the law of the Federal Republic of Germany and members of the Patent Attorney Chamber Munich, Tal 29, 80331 M\u00fcnchen, Telephone +49 89 2422780, www.patentanwaltskammer.de.<\/p>\n<p style=\"text-align: justify\">The European patent attorneys of the law firm are registered with the European Patent Office and are members of the The Institute of Professional Representatives before the European Patent Office (epi), Bayerstra\u00dfe 83, 80335 M\u00fcnchen, Telephone +49 89 242052-0, <a href=\"http:\/\/patentepi.com\/en\/\">www.patentepi.com<\/a>.<\/p>\n<h3 style=\"text-align: justify\">Professional Code<\/h3>\n<p>The patent attorneys are subject to the following regulations: Patent Attorney Regulation, Professional Code for Patent Attorneys, FICPI Conduct Rules.<\/p>\n<p>For our European patent attorneys the following industrial regulations apply: the guide lines of the The Institute of Professional Representatives before the European Patent Office (epi) concerning professional conduct, the provisions of the Disciplinary Board of the. European Patent Office (epi), FICPI Conduct Rules<\/p>\n<h3 style=\"text-align: justify\">Professional Liability Insurance<\/h3>\n<p style=\"text-align: justify\">A professional liability insurance with global effect has been concluded with the ERGO Versicherungs AG, Victoriaplatz 1, 40477 Duesseldorf.<\/p>\n<h3 style=\"text-align: justify\">Exclusion of liability<\/h3>\n<p style=\"text-align: justify\">We hereby inform that the contents of this website merely serve informational purposes and do not represent legal advice. We do not assume responsibility for damages which might result from the trust in the correctness of the statements displayed here. We are eager to keep our website correct and up to date, however, we are not liable for its correctness and topicality as well as for linked websites.<\/p>\n<hr class=\"wc-shortcodes-divider wc-shortcodes-item wc-shortcodes-divider-line-single wc-shortcodes-divider-style-solid \" style=\"margin-bottom: 30px;margin-top: 10px;\" \/>\n<div>\n<h2 style=\"text-align: justify\">Privacy Policy<\/h2>\n<h3 style=\"text-align: justify\">Data Protection<\/h3>\n<p style=\"text-align: justify\">The operators of this website take the protection of your personal data very seriously. We treat your personal data confidential and according to the legal data protection regulations and this Privacy Policy.<\/p>\n<p>The use of our website is usually possible without providing personal data. Personal data, such as names, addresses or e-mail addresses, are always provided on a voluntary basis if possible. Those data will not be passed on to third parties without your explicit permission.<\/p>\n<p>However, we would like to point out that data transmissions via internet (e.g. e-mail communication) cannot be entirely secure and may have security vulnerabilities. A complete protection of personal details against unauthorised access by third parties is not possible.<\/p>\n<h3 style=\"text-align: justify\">Privacy Policy for the use of Google Analytics<\/h3>\n<p>This website uses Google Analytics, a website analysis service by Google Inc. (\u201cGoogle\u201d). Google Analytics uses so-called&#8221;cookies&#8221;, text files that are stored on your computer to analyse your use of the website. The information generated by the cookie about your use of this website (including your IP address) is sent to and stored at a Google server in the U.S.A.<\/p>\n<p>If the IP-anonymisation is activated on this website, your IP-address will be shortened priory within the member states of the European Union or other contractual states of the Treaty on the European Economic Area. Only in exceptional cases your complete IP-address will be transmitted to a server in the U.S.A. and shortened there. Commissioned by the operators of this website,<br \/>\nGoogle will use this information to evaluate your use of the website, to compile reports on website activities for website operators and to provide other services related to website and internet activities. Google will not associate your IP address with any other data held by Google.<\/p>\n<p>You may prevent the installation of cookies by adjusting the settings of your browser; however, if you do so, you may be unable to use all features of this website. Further, you may prevent the collection of data generated by cookies and related to the use of this websites by downloading and installing the plug-in under the following link: https:\/\/tools.google.com\/dlpage\/gaoptout?hl=en.<\/p>\n<h3 style=\"text-align: justify\">Cookies<\/h3>\n<p style=\"text-align: justify\">This website partially uses so-called cookies. Cookies do not cause damages to your computer and do not contain viruses. Cookies allow us to make our offer more user-friendly, more efficient and more secure. Cookies are small text files, stored by your browser on your computer.<\/p>\n<p>The most cookies that we use are so-called \u201csession cookies\u201d. They will be deleted automatically after the end of your visit. Other cookies remain on your terminal device. Those cookies enable us to recognise your browser on your next visit.<\/p>\n<p>You can adjust your browser that way in order to be informed when cookies are placed, to individually allow cookies or to generally exclude cookies in certain cases as well as to activate the automatic deletion of cookies when closing the browser. The deactivation of cookies may impair the functionality of this website.<\/p>\n<h3 style=\"text-align: justify\">Objection to commercial mails<\/h3>\n<p>Providers are obligated to publish contact information in the Legal Notice\/Impressum. The use of such contact information by third parties for the purpose of distributing unsolicited advertisements or other commercial information is prohibited.<br \/>\nThe operators of this website reserve the right to take legal measures in case of being sent unsolicited commercial information, e.g. spam mails etc.<\/p>\n<h3>Contact form<\/h3>\n<p>If you send enquiries to us via the contact form, your data entered into the contact form, including the stated contact data, are stored for the purpose of dealing with your enquiry and in case of additional enquiries. Those data will not be passed on without your permission.<\/p>\n<h3 style=\"text-align: justify\">Server-Log-Files<\/h3>\n<p>The provider of these websites automatically collects and stores information in log files which your browser automatically transmits to us, such as<\/p>\n<\/div>\n<ul>\n<li>browser type\/version<\/li>\n<li>used operating system<\/li>\n<li>referrer URL<\/li>\n<li>host name of the accessing computer<\/li>\n<li>time of query<\/li>\n<\/ul>\n<p>Those data cannot be associated with individual persons. A merging with other data sources does not take place. We reserve the right to retrospectively check the data if reasonable evidences concerning illegal use become known.<\/p>\n<h3 style=\"text-align: justify\">Right to Information, Deletion, Blocking<\/h3>\n<p style=\"text-align: justify\">You have the right to be informed about your person-related data, their origin and addressee and the purpose of data processing as well as the right to correction, blocking or deletion of those data at any time and free of charge.<br \/>\nFor further questions and questions concerning person-related data, feel free to contact us under the address published in the legal note.<\/p>\n<h3 style=\"text-align: justify\">Newsletter<\/h3>\n<p style=\"text-align: justify\">If you would like to receive the newsletter offered on our website, we require your email address as well as information which allow us to check that you are the owner of the provided email address and that you agree to the reception of the newsletter. Further data will not be collected. We use those data exclusively for the sending of the requested information and do not transmit them to third parties.<\/p>\n<p>The given permission to the storage of the data, the email address as well as the use of such for the purpose of sending the newsletter can be withdrawn at any time via the \u201cUnsubscribe\u201d-link within the newsletter.<\/p>\n<p style=\"text-align: justify\">Source Disclaimer by <a href=\"https:\/\/www.e-recht24.de\">e-recht24.de<\/a>, English version by Translation Fritz<\/p>\n<p style=\"text-align: justify\"><hr class=\"wc-shortcodes-divider wc-shortcodes-item wc-shortcodes-divider-line-single wc-shortcodes-divider-style-solid \" style=\"margin-bottom: 30px;margin-top: 10px;\" \/><\/p>\n<h3>Pictures of our team<\/h3>\n<p>The pictures are taken by photographer Susie Knoll.<\/p>\n","protected":false},"excerpt":{"rendered":"<p>Partner: Axel Stellbrink, Simon Michels Stellbrink &amp; Partner Patent Attorneys with Limited Professional Liability Widenmayerstra\u00dfe 10 80538 M\u00fcnchen Tel.: +49 89 41112880 Email:&nbsp;&nbsp; &nbsp;mail@stellbrink-partner.com Stellbrink &amp; Partner Patentanw\u00e4lte mbB Partner company with limited professional liability Residence: Munich District Court Munich, registration number PR1555 VAT ID-No.: DE 305 677&hellip; <span class=\"read-btn\"><a class=\"read-more\" href=\"https:\/\/stellbrink-partner.com\/site\/english\/impressum-legal-notice\/\">Read More<\/a><\/span><\/p>\n","protected":false},"author":1,"featured_media":0,"parent":0,"menu_order":0,"comment_status":"closed","ping_status":"closed","template":"","meta":{"inline_featured_image":false,"footnotes":""},"class_list":["post-90","page","type-page","status-publish","hentry"],"yoast_head":"<!-- This site is optimized with the Yoast SEO plugin v26.8 - https:\/\/yoast.com\/product\/yoast-seo-wordpress\/ -->\n<title>Impressum \/ Legal Notice - Stellbrink &amp; Partner Patent Attorneys<\/title>\n<meta name=\"description\" content=\"The patent attorneys of this law firm are subject to the law of the Federal Republic of Germany and members of the Patent Attorney Chamber Munich\" \/>\n<meta name=\"robots\" content=\"index, follow, max-snippet:-1, max-image-preview:large, max-video-preview:-1\" \/>\n<link rel=\"canonical\" href=\"https:\/\/stellbrink-partner.com\/site\/english\/impressum-legal-notice\/\" \/>\n<meta property=\"og:locale\" content=\"en_US\" \/>\n<meta property=\"og:type\" content=\"article\" \/>\n<meta property=\"og:title\" content=\"Impressum \/ Legal Notice - Stellbrink &amp; Partner Patent Attorneys\" \/>\n<meta property=\"og:description\" content=\"The patent attorneys of this law firm are subject to the law of the Federal Republic of Germany and members of the Patent Attorney Chamber Munich\" \/>\n<meta property=\"og:url\" content=\"https:\/\/stellbrink-partner.com\/site\/english\/impressum-legal-notice\/\" \/>\n<meta property=\"og:site_name\" content=\"Stellbrink &amp; Partner Patent Attorneys\" \/>\n<meta property=\"article:modified_time\" content=\"2022-02-11T09:59:29+00:00\" \/>\n<meta name=\"twitter:card\" content=\"summary_large_image\" \/>\n<meta name=\"twitter:label1\" content=\"Est. reading time\" \/>\n\t<meta name=\"twitter:data1\" content=\"6 minutes\" \/>\n<script type=\"application\/ld+json\" class=\"yoast-schema-graph\">{\"@context\":\"https:\/\/schema.org\",\"@graph\":[{\"@type\":\"WebPage\",\"@id\":\"https:\/\/stellbrink-partner.com\/site\/english\/impressum-legal-notice\/\",\"url\":\"https:\/\/stellbrink-partner.com\/site\/english\/impressum-legal-notice\/\",\"name\":\"Impressum \/ Legal Notice - Stellbrink &amp; Partner Patent Attorneys\",\"isPartOf\":{\"@id\":\"https:\/\/stellbrink-partner.com\/site\/english\/#website\"},\"datePublished\":\"2016-05-27T15:50:36+00:00\",\"dateModified\":\"2022-02-11T09:59:29+00:00\",\"description\":\"The patent attorneys of this law firm are subject to the law of the Federal Republic of Germany and members of the Patent Attorney Chamber Munich\",\"breadcrumb\":{\"@id\":\"https:\/\/stellbrink-partner.com\/site\/english\/impressum-legal-notice\/#breadcrumb\"},\"inLanguage\":\"en-US\",\"potentialAction\":[{\"@type\":\"ReadAction\",\"target\":[\"https:\/\/stellbrink-partner.com\/site\/english\/impressum-legal-notice\/\"]}]},{\"@type\":\"BreadcrumbList\",\"@id\":\"https:\/\/stellbrink-partner.com\/site\/english\/impressum-legal-notice\/#breadcrumb\",\"itemListElement\":[{\"@type\":\"ListItem\",\"position\":1,\"name\":\"Home\",\"item\":\"https:\/\/stellbrink-partner.com\/site\/english\/\"},{\"@type\":\"ListItem\",\"position\":2,\"name\":\"Impressum \/ Legal Notice\"}]},{\"@type\":\"WebSite\",\"@id\":\"https:\/\/stellbrink-partner.com\/site\/english\/#website\",\"url\":\"https:\/\/stellbrink-partner.com\/site\/english\/\",\"name\":\"Stellbrink &amp; Partner Patent Attorneys\",\"description\":\"Patent Attorneys\",\"publisher\":{\"@id\":\"https:\/\/stellbrink-partner.com\/site\/english\/#organization\"},\"potentialAction\":[{\"@type\":\"SearchAction\",\"target\":{\"@type\":\"EntryPoint\",\"urlTemplate\":\"https:\/\/stellbrink-partner.com\/site\/english\/?s={search_term_string}\"},\"query-input\":{\"@type\":\"PropertyValueSpecification\",\"valueRequired\":true,\"valueName\":\"search_term_string\"}}],\"inLanguage\":\"en-US\"},{\"@type\":\"Organization\",\"@id\":\"https:\/\/stellbrink-partner.com\/site\/english\/#organization\",\"name\":\"Stellbrink & Partner Patentanw\u00e4lte mbB\",\"url\":\"https:\/\/stellbrink-partner.com\/site\/english\/\",\"logo\":{\"@type\":\"ImageObject\",\"inLanguage\":\"en-US\",\"@id\":\"https:\/\/stellbrink-partner.com\/site\/english\/#\/schema\/logo\/image\/\",\"url\":\"http:\/\/stellbrink-partner.com\/site\/english\/wp-content\/uploads\/sites\/2\/2016\/05\/Stellbrink__Partner-logo.png\",\"contentUrl\":\"http:\/\/stellbrink-partner.com\/site\/english\/wp-content\/uploads\/sites\/2\/2016\/05\/Stellbrink__Partner-logo.png\",\"width\":869,\"height\":79,\"caption\":\"Stellbrink & Partner Patentanw\u00e4lte mbB\"},\"image\":{\"@id\":\"https:\/\/stellbrink-partner.com\/site\/english\/#\/schema\/logo\/image\/\"}}]}<\/script>\n<!-- \/ Yoast SEO plugin. -->","yoast_head_json":{"title":"Impressum \/ Legal Notice - Stellbrink &amp; Partner Patent Attorneys","description":"The patent attorneys of this law firm are subject to the law of the Federal Republic of Germany and members of the Patent Attorney Chamber Munich","robots":{"index":"index","follow":"follow","max-snippet":"max-snippet:-1","max-image-preview":"max-image-preview:large","max-video-preview":"max-video-preview:-1"},"canonical":"https:\/\/stellbrink-partner.com\/site\/english\/impressum-legal-notice\/","og_locale":"en_US","og_type":"article","og_title":"Impressum \/ Legal Notice - Stellbrink &amp; Partner Patent Attorneys","og_description":"The patent attorneys of this law firm are subject to the law of the Federal Republic of Germany and members of the Patent Attorney Chamber Munich","og_url":"https:\/\/stellbrink-partner.com\/site\/english\/impressum-legal-notice\/","og_site_name":"Stellbrink &amp; Partner Patent Attorneys","article_modified_time":"2022-02-11T09:59:29+00:00","twitter_card":"summary_large_image","twitter_misc":{"Est. reading time":"6 minutes"},"schema":{"@context":"https:\/\/schema.org","@graph":[{"@type":"WebPage","@id":"https:\/\/stellbrink-partner.com\/site\/english\/impressum-legal-notice\/","url":"https:\/\/stellbrink-partner.com\/site\/english\/impressum-legal-notice\/","name":"Impressum \/ Legal Notice - Stellbrink &amp; Partner Patent Attorneys","isPartOf":{"@id":"https:\/\/stellbrink-partner.com\/site\/english\/#website"},"datePublished":"2016-05-27T15:50:36+00:00","dateModified":"2022-02-11T09:59:29+00:00","description":"The patent attorneys of this law firm are subject to the law of the Federal Republic of Germany and members of the Patent Attorney Chamber Munich","breadcrumb":{"@id":"https:\/\/stellbrink-partner.com\/site\/english\/impressum-legal-notice\/#breadcrumb"},"inLanguage":"en-US","potentialAction":[{"@type":"ReadAction","target":["https:\/\/stellbrink-partner.com\/site\/english\/impressum-legal-notice\/"]}]},{"@type":"BreadcrumbList","@id":"https:\/\/stellbrink-partner.com\/site\/english\/impressum-legal-notice\/#breadcrumb","itemListElement":[{"@type":"ListItem","position":1,"name":"Home","item":"https:\/\/stellbrink-partner.com\/site\/english\/"},{"@type":"ListItem","position":2,"name":"Impressum \/ Legal Notice"}]},{"@type":"WebSite","@id":"https:\/\/stellbrink-partner.com\/site\/english\/#website","url":"https:\/\/stellbrink-partner.com\/site\/english\/","name":"Stellbrink &amp; Partner Patent Attorneys","description":"Patent Attorneys","publisher":{"@id":"https:\/\/stellbrink-partner.com\/site\/english\/#organization"},"potentialAction":[{"@type":"SearchAction","target":{"@type":"EntryPoint","urlTemplate":"https:\/\/stellbrink-partner.com\/site\/english\/?s={search_term_string}"},"query-input":{"@type":"PropertyValueSpecification","valueRequired":true,"valueName":"search_term_string"}}],"inLanguage":"en-US"},{"@type":"Organization","@id":"https:\/\/stellbrink-partner.com\/site\/english\/#organization","name":"Stellbrink & Partner Patentanw\u00e4lte mbB","url":"https:\/\/stellbrink-partner.com\/site\/english\/","logo":{"@type":"ImageObject","inLanguage":"en-US","@id":"https:\/\/stellbrink-partner.com\/site\/english\/#\/schema\/logo\/image\/","url":"http:\/\/stellbrink-partner.com\/site\/english\/wp-content\/uploads\/sites\/2\/2016\/05\/Stellbrink__Partner-logo.png","contentUrl":"http:\/\/stellbrink-partner.com\/site\/english\/wp-content\/uploads\/sites\/2\/2016\/05\/Stellbrink__Partner-logo.png","width":869,"height":79,"caption":"Stellbrink & Partner Patentanw\u00e4lte mbB"},"image":{"@id":"https:\/\/stellbrink-partner.com\/site\/english\/#\/schema\/logo\/image\/"}}]}},"_links":{"self":[{"href":"https:\/\/stellbrink-partner.com\/site\/english\/wp-json\/wp\/v2\/pages\/90","targetHints":{"allow":["GET"]}}],"collection":[{"href":"https:\/\/stellbrink-partner.com\/site\/english\/wp-json\/wp\/v2\/pages"}],"about":[{"href":"https:\/\/stellbrink-partner.com\/site\/english\/wp-json\/wp\/v2\/types\/page"}],"author":[{"embeddable":true,"href":"https:\/\/stellbrink-partner.com\/site\/english\/wp-json\/wp\/v2\/users\/1"}],"replies":[{"embeddable":true,"href":"https:\/\/stellbrink-partner.com\/site\/english\/wp-json\/wp\/v2\/comments?post=90"}],"version-history":[{"count":15,"href":"https:\/\/stellbrink-partner.com\/site\/english\/wp-json\/wp\/v2\/pages\/90\/revisions"}],"predecessor-version":[{"id":932,"href":"https:\/\/stellbrink-partner.com\/site\/english\/wp-json\/wp\/v2\/pages\/90\/revisions\/932"}],"wp:attachment":[{"href":"https:\/\/stellbrink-partner.com\/site\/english\/wp-json\/wp\/v2\/media?parent=90"}],"curies":[{"name":"wp","href":"https:\/\/api.w.org\/{rel}","templated":true}]}}